32104344
Convert -122253 (base 10) to base 11.
-8393a
Convert 21110120210220 (base 3) to base 12.
13b4229
11000010111110101 (base 2) to base 11
69004
Convert 42b2d9 (base 16) to base 8.
20531331
Convert -3069e (base 15) to base 8.
-453436
What is -3086a9 (base 12) in base 14?
-15b637
Convert -217137 (base 10) to base 5.
-23422022
Convert 56c07 (base 15) to base 14.
72882
What is -4b3e71 (base 15) in base 10?
-3607756
Convert 648105 (base 10) to base 7.
5336343
-613430 (base 7) to base 10
-104489
-151223 (base 6) to base 13
-681c
Convert -257445 (base 16) to base 10.
-2454597
What is -68d332 (base 16) in base 15?
-90a775
What is b2a74b (base 12) in base 5?
1204000341
What is 1a7626 (base 14) in base 13?
26cc46
14441168 (base 9) to base 4
123112333031
What is -b86257 (base 13) in base 9?
-8123513
What is 486099 (base 11) in base 16?
bbd92
-101211221022212 (base 3) to base 6
-323325552
Convert -16427099 (base 10) to base 15.
-169744e
What is 65065200 (base 7) in base 12?
1a353b6
What is 46861 (base 12) in base 16?
17149
What is -6d68a (base 16) in base 3?
-211202201201
What is -323134221 (base 5) in base 7?
-14506650
Convert -13433652 (base 8) to base 14.
-58bb86
Convert 25346226 (base 8) to base 7.
65536252
What is 6c2d (base 15) in base 2?
101100111010001
Convert 1280858 (base 13) to base 5.
2441034213
What is -3235e (base 15) in base 3?
-22002122022
What is 23a67 (base 11) in base 3?
1202101221
What is -6263694 (base 10) in base 9?
-12706150
Convert -b8bc6 (base 15) to base 4.
-2033030220
What is 11011010101101011 (base 2) in base 16?
1b56b
351a619 (base 11) to base 16
5dd21b
What is 1102303333 (base 5) in base 16?
2463cb
What is -1001011123 (base 4) in base 14?
-6d21d
Convert 1211111001202 (base 3) to base 5.
222131431
Convert -112004104 (base 5) to base 3.
-221102121010
21220101111 (base 3) to base 13
55a62
Convert 10614457 (base 8) to base 7.
25360100
405360 (base 7) to base 8
207014
Convert -1542303 (base 6) to base 14.
-2538b
15413521 (base 7) to base 14
2a84b8
-b0186 (base 12) to base 16
-37bf6
Convert -200030213 (base 4) to base 3.
-20200220102
What is -11306060 (base 8) in base 3?
-11122000110210
112331111 (base 5) to base 2
1111100110110101110
Convert 340103404 (base 5) to base 7.
15435063
Convert -48a58 (base 11) to base 12.
-34959
Convert 31414320 (base 5) to base 4.
1000120132
Convert 211122110002 (base 3) to base 6.
13315345
-51112313 (base 6) to base 11
-904978
-2235245 (base 6) to base 2
-11011110100001101
What is -d0c2 (base 14) in base 10?
-35842
What is 182677 (base 9) in base 3?
12202202121
Convert -929511 (base 12) to base 16.
-230d9d
23163366 (base 7) to base 2
111110000001101010110
What is -102001202112 (base 3) in base 11?
-1396a7
4327104 (base 8) to base 2
100011010111001000100
What is 12774132 (base 8) in base 10?
2881626
What is -1022130323 (base 5) in base 15?
-2c5b78
1aa6f8 (base 16) to base 9
3251885
Convert -c3671 (base 14) to base 10.
-470499
352db1 (base 16) to base 2
1101010010110110110001
What is -765634 (base 8) in base 2?
-111110101110011100
-1002010123 (base 4) to base 6
-5444511
What is -292228 (base 11) in base 9?
-765551
Convert -1646412 (base 9) to base 4.
-3133303100
Convert -6b8d1 (base 14) to base 15.
-52b56
Convert 12a855 (base 15) to base 7.
10421663
10001002011 (base 3) to base 5
3403321
Convert -2005 (base 12) to base 4.
-312011
What is -31482 (base 12) in base 7?
-356240
3c81a (base 13) to base 15
23917
Convert -43639 (base 14) to base 7.
-1246402
447bd (base 15) to base 11
139668
Convert 65762151 (base 8) to base 4.
311332101221
-1001011100000000 (base 2) to base 13
-14797
What is 37021354 (base 8) in base 14?
111ab24
Convert 29856 (base 13) to base 15.
18313
Convert 560a2 (base 13) to base 5.
14443434
-c51697 (base 14) to base 3
-110111212010002
What is 113332111 (base 4) in base 16?
17f95
341aa (base 16) to base 13
761aa
443205411 (base 6) to base 2
11110011111111001001111
12210201022 (base 3) to base 8
337105
What is 1525622 (base 9) in base 13?
2371ac
-57310016 (base 8) to base 5
-11140020212
Convert -262231 (base 7) to base 10.
-48826
What is 21001400 (base 5) in base 16?
2a044
What is 2631070 (base 9) in base 7?
15135255
What is 30616 (base 7) in base 4?
1311112
217364 (base 10) to base 7
1563500
-124244203 (base 5) to base 6
-21132130
What is -1523222 (base 7) in base 8?
-625415
Convert -1002200210 (base 4) to base 2.
-1000010100000100100
Convert -1110001011111100000 (base 2) to base 4.
-1301133200
Convert -12051b (base 12) to base 16.
-470e7
Convert -14979d (base 14) to base 13.
-1c1894
14b67 (base 16) to base 13
2c801
11010100000110 (base 2) to base 15
404e
Convert 72660 (base 12) to base 11.
a239a
Convert 16474606 (base 9) to base 12.
2922536
-101110011000101 (base 3) to base 14
-a47c4c
What is 10200212212 (base 3) in base 8?
216157
Convert 114321313 (base 7) to base 15.
9580ad
What is 900068 (base 11) in base 15?
1d9758
Convert 12211200 (base 5) to base 15.
2476a
What is 41188 (base 16) in base 11?
172363
What is -153241252 (base 6) in base 14?
-604c36
Convert 1260da5 (base 14) to base 7.
135060565
What is 303023233 (base 4) in base 6?
4254331
Convert 4450343 (base 6) to base 16.
36c57
What is -1202012202002 (base 3) in base 4?
-3202320020
-143471 (base 10) to base 12
-6b03b
What is -234320443 (base 5) in base 6?
-35201025
-589a (base 13) to base 16
-30b0
Convert 9aa36b (base 12) to base 9.
4565762
What is -1000214232 (base 5) in base 15?
-28ad97
-111001110010001001 (base 2) to base 5
-30033211
What is 1845203 (base 10) in base 8?
7023723
What is 108a38 (base 14) in base 9?
1045556
Convert 742490 (base 13) to base 3.
12010010001112
-64508 (base 13) to base 9
-305258
Convert -427c32 (base 13) to base 8.
-5746276
Convert 4214503 (base 7) to base 2.
1111100000101000111
Convert 3613314 (base 8) to base 2.
11110001011011001100
11101110100111011110 (base 2) to base 15
1448d4
What is -122013232 (base 4) in base 3?
-12102202121
311314 (base 10) to base 11
1a2993
Convert -2022011020 (base 3) to base 5.
-2422222
-ae4f7 (base 16) to base 6
-23145235
Convert -147452 (base 10) to base 14.
-3ba44
What is -1111001010001110 (base 2) in base 3?
-10011011210
Convert -34210343 (base 6) to base 11.
-652a2a
What is 53944 (base 12) in base 5?
12011322
What is 220112100101 (base 3) in base 15?
98101
What is 133745 (base 9) in base 14?
219d5
Convert b7c982 (base 14) to base 16.
5ee806
Convert -7a8168 (base 12) to base 14.
-39166c
Convert 2960b (base 13) to base 6.
1400424
Convert -25965 (base 10) to base 16.
-656d
Convert -893a4 (base 12) to base 7.
-1355413
What is 232a5 (base 14) in base 4?
110321201
-a727237 (base 11) to base 8
-110016470
Convert -b9b99 (base 13) to base 10.
-335929
Convert -2885c8 (base 16) to base 3.
-11222220220211
-16a393 (base 11) to base 12
-108014
4652215 (base 7) to base 11
369a47
What is -25423421 (base 7) in base 16?
-2339f9
What is -11220220110220 (base 3) in base 12?
-a61a80
What is -221151 (base 9) in base 14?
-361c0
-3003222123 (base 4) to base 9
-1451323
Convert -40223140 (base 5) to base 6.
-10511232
What is -46331 (base 12) in base 11?
-64506
152235 (base 6) to base 3
202021112
What is 10022101022111 (base 3) in base 4?
12231201022
Convert 2011424 (base 6) to base 7.
543631
Convert 2546646 (base 7) to base 6.
11033523
Convert 59a51 (base 13) to base 7.
1253052
What is 5b0d3 (base 14) in base 16?
364f1
Convert 62400331 (base 7) to base 2.
10100000000010000110001
285313 (base 12) to base 10
672639
Convert 52152 (base 14) to base 4.
300103030
-146c60 (base 13) to base 10
-500825
What is -5215061 (base 7) in base 13?
-18bc33
-1122213000 (base 4) to base 13
-ccc0c
What is -552a31 (base 13) in base 16?
-1e9992
What is -1547186 (base 9) in base 12?
-354780
What is -3e1110 (base 15) in base 8?
-13320632
Convert -80646 (base 10) to base 2.
-10011101100000110
What is -116a1 (base 13) in base 3?
-1121202121
Convert -94487 (base 11) to base 2.
-100001100111001000
Convert 33069 (base 16) to base 6.
4251333
Convert -226147 (base 10) to base 12.
-aaa57
1001111111111101100110 (base 2) to base 7
31165143
Convert -2114321 (base 8) to base 9.
-1047760
Convert -3043221 (base 7) to base 4.
-1120302231
Convert 213003511 (base 6) to base 2.
1110011010110110000011
-314013 (base 10) to base